23, -g - 4*o = 4*g - 3570. What are the prime factors of g?
2, 359
Let x = 8 - -7. Suppose -3 = k - t, k + 4*t - x = -t. Suppose k = 2*l - 15 - 19. What are the prime factors of l?
17
Let d(b) = -b**3 + 6*b**2 - 4*b + 7. Let f be (-1 - 3) + 10 + -1. Let k be d(f). Let w(q) = q**3 - 13*q**2 + 14*q + 7. List the prime factors of w(k).
31
Suppose 3*p - 138 = -3*r, 6*p - 3*p - 5*r = 130. Suppose 0 = t - i - 118 + p, 4*t = -4*i + 260. List the prime factors of t.
3, 23
Suppose -t + 715 + 163 = 0. List the prime factors of t.
2, 439
Suppose -m - 2*j = 91, -2*m + j + 87 = -3*m. Let t = 114 + m. What are the prime factors of t?
31
Suppose 26*s - 2163 - 2621 = 0. List the prime factors of s.
2, 23
Suppose -4*a + 450 = 5*z, -2*z + z - 3*a + 90 = 0. Let j = -12 + z. Suppose -5*b - j = 3*p - 7*p, -p + 5*b + 27 = 0. List the prime factors of p.
17
Let u = 7 + -8. Let q be (-6)/(-1) + u + 1. Suppose q*i = 4*i + 8. What are the prime factors of i?
2
Let x = 27 - 25. Let n(s) = -2*s**2 + 11*s**3 - 2*s**3 + 9 - 8*s**3 + 9*s**x - 6*s. List the prime factors of n(-7).
3, 17
Let s(u) = -u**3 - 11*u**2 + 31*u - 6. Let n = -79 - -65. What are the prime factors of s(n)?
2, 37
Let t = 41 + -36. Suppose 0*z = -t*o + z + 235, 2*z = 4*o - 182. What are the prime factors of o?
2, 3
Let i(h) = -h**3 + 3*h**2 - 3*h + 3. Let d be i(2). Suppose -2*b = 3 - d. List the prime factors of (-10)/(-2)*(-4)/b.
2, 5
Suppose 2*f + 20 = f. Let t = -18 - f. Suppose -2*x - 6 = 3*y, t = -3*x - y + 7. What are the prime factors of x?
3
Let o(t) = t**3 - 5*t**2 - 5*t - 1. Let d be o(6). Let j(a) = -2. Let v(s) = s + 5. Let l(w) = d*j(w) + 3*v(w). What are the prime factors of l(9)?
2
Suppose -4*c = -9*c + 2*p + 5065, 3*p = 4*c - 4052. List the prime factors of c.
1013
Let g = -75 + 348. Suppose 3*f + 0*f - g = 3*s, -5*f - 5*s = -415. What are the prime factors of f?
3, 29
Suppose 16 = -c + a, 3*c - 5*a = -6*a - 64. What are the prime factors of 2/(1 + 12/c)?
5
Let n(t) = 2*t**3 + 2*t**2 - 2*t + 1. Suppose 3*z = 6*z - 3. Let y be n(z). List the prime factors of (2/6)/(y/252).
2, 7
Let n(b) = b**3 + 25*b**2 - b - 23. Let j be n(-25). Suppose 4*d - 3*l = 49, -j*d = 2*l - l - 27. List the prime factors of d.
13
Let a(v) = -19*v**3 + 8*v**2 + 8*v - 2. What are the prime factors of a(-3)?
13, 43
Let m(y) = 5*y - 17. Let d(s) = 5*s - 17. Let q(r) = 6*d(r) - 5*m(r). What are the prime factors of q(11)?
2, 19
Suppose 0 = 3*c + 15, 5*r = 2*r - 3*c + 3. Suppose r = -3*i + 15. Suppose -4 = -4*n + 16, -i*u + 242 = 4*n. List the prime factors of u.
2, 37
Let v(m) = -m**2 - m - 1. Let p(q) = 6*q**2 + 8*q + 12. Let r(s) = p(s) + 4*v(s). What are the prime factors of r(-6)?
2, 7
Suppose -5*q + 75 = 5*p, 4*q + 0*q - 36 = 2*p. Let c(x) = x**2 - 4*x. What are the prime factors of c(q)?
7, 11
Let i(m) = m - 24. Let r be i(16). List the prime factors of (2/(-3))/(r/300).
5
Let a be 0/(-7) + (0 - 498). Let g = a + 772. What are the prime factors of g?
2, 137
Suppose 5*y - 5*a + 26 = y, -3*a - 6 = 3*y. List the prime factors of ((-138)/(-4))/(y/(-8)).
3, 23
Let c = 3 + 1. Let l be 2/(4/c) + 4. Suppose 0 = l*h - h - 240. List the prime factors of h.
2, 3
Let j be -1 + (-4)/4 + 3. Let y(r) = 227*r - 5. What are the prime factors of y(j)?
2, 3, 37
Let y(k) be the third derivative of -k**6/120 - k**5/10 - k**4/3 + k**3/2 - 19*k**2. List the prime factors of y(-7).
2, 3
Suppose c - 2*b = 2*b + 12, 0 = 4*c + 2*b - 12. Suppose -2*a - 242 = -2*z + 2*a, -c*z - a = -520. List the prime factors of z.
3, 43
Suppose b + 4*l + 11 = 0, 5*b - l = 2*l - 78. Let w = b - -19. What are the prime factors of (-3 + 0 + w)*21?
3, 7
Suppose 40*b - 65850 + 23530 = 0. List the prime factors of b.
2, 23
Suppose 4*m - 22 = 30. Suppose -10*u + m*u - 201 = 0. Let k = -26 + u. List the prime factors of k.
41
Let o = 179 + -109. Let t = o - 28. What are the prime factors of t?
2, 3, 7
Let u(a) = 13*a - 6. Let v be u(6). Suppose 0 = 22*t - 18*t - v. What are the prime factors of t?
2, 3
List the prime factors of 573/4*(-16)/(-12).
191
Let m = -86 + 90. What are the prime factors of m?
2
Let m(o) = -o**3 - 3*o**2 - o - 13. Let c be m(-5). Suppose -c = -2*r + 140. Suppose 5*f - r = 234. List the prime factors of f.
5, 13
Let r(n) = -n**3 - 6*n**2 - n - 6. Let v be r(-6). Suppose -200 = -4*k - v*t - 2*t, t + 155 = 3*k. Suppose i + 2*i = k. What are the prime factors of i?
17
What are the prime factors of (-6)/(-10) - (15 + 35408/(-20))?
2, 439
Let v be 2/(1 + 1) - 3. Let g = v - -2. Suppose -17 = -s - 3*x, g = -3*s + 5*x + 22 + 57. What are the prime factors of s?
23
Suppose -4*m = -5*k + 1040, 5*m - 791 = -0*k - 4*k. Suppose -6*y + 2*y + k = 0. List the prime factors of y.
3, 17
Let m(k) = -k. Let u be m(-2). Let q be (-6)/(-8) - (-2)/(56/(-21)). Suppose u*b + 3 - 65 = q. List the prime factors of b.
31
What are the prime factors of -4*10/(-8) + 34?
3, 13
Suppose 5*u - 1488 = -3*x, 3*u - 2*u + 4*x = 284. Suppose -5*l + u = -l. List the prime factors of l.
3, 5
Suppose 5*b - 45 = -10*b. Suppose -495 - 449 = -b*h - 2*q, 4*h = -3*q + 1257. List the prime factors of h.
2, 3, 53
Suppose -4*o = o - 3*i + 60, -2*i + 19 = -o. Let n be 20/(-90) + (-29)/o. Suppose -a = n - 6. What are the prime factors of a?
3
Suppose -104*r - 774 = -113*r. What are the prime factors of r?
2, 43
Let u(p) = 15*p**2 - p - 1. Let g(a) = 4*a - 1. Let n be g(1). Suppose 2 = -5*l - n. What are the prime factors of u(l)?
3, 5
Let o(p) = 15*p**2 - 3*p. Let y(r) = r**2 + r. Let c(w) = o(w) + 4*y(w). List the prime factors of c(-2).
2, 37
Suppose 44 = m - 3*j, -4*m + 2*j = 5*j - 116. Let u be (14/(-8))/((-8)/m). Suppose u*z + 20 = 3*z, -3*k = -2*z - 34. What are the prime factors of k?
2
Let r(w) = -8*w**3 + 5*w**2 - 10*w - 30. What are the prime factors of r(-4)?
2, 7, 43
Let p = 623 + 238. What are the prime factors of p?
3, 7, 41
Let d(o) = -o**3 + 11*o**2 + 11*o - 7. List the prime factors of d(-7).
2, 3, 7, 19
Let d(o) = 3*o - 12. Let j(y) = 2 + 3 - 6. Let n(q) = d(q) - 3*j(q). List the prime factors of n(4).
3
Let h(u) be the second derivative of -11*u + 3/4*u**4 + 1/20*u**5 + 0 + 3/2*u**3 + 7*u**2. List the prime factors of h(-7).
7
Let q be (-3)/9 + (-20)/(-6). Suppose -68 = o - q*o. List the prime factors of o.
2, 17
Let q be 20/5*(0 + 1). Suppose q*f = -4, 4*f - 155 = -4*w - 43. Suppose 3*v = u - 7 + w, -2*u + 28 = 2*v. List the prime factors of v.
3
Let y be (-8)/(-6) + 1/(-3). Let h be y/3*(25 - -2). What are the prime factors of (27/h)/((-2)/(-36))?
2, 3
Suppose 0 = 5*w + 21 + 34. Let k(v) = v**2 + 9*v + 3. Let d(g) = -3*g**2 - 27*g - 10. Let q(b) = 2*d(b) + 7*k(b). What are the prime factors of q(w)?
23
Let r be 40/10 - 5/(10/(-126)). Suppose 4*i = 4*d + 360, 0 = -i + 4*d + 20 + r. What are the prime factors of i?
7, 13
Let p be (-4)/16 + (-54)/8. Let g(u) = 11*u - 10. Let b(a) = 21*a - 20. Let f(z) = p*g(z) + 4*b(z). What are the prime factors of f(4)?
2, 3
Let o = 28 - 17. Suppose 0 = -8*w + o*w - 15. Suppose -2*s = w*r + 8 - 49, 4*s + r = 73. What are the prime factors of s?
2, 3
Let n = -7553 - -11335. List the prime factors of n.
2, 31, 61
Suppose -493 - 47 = -6*p. What are the prime factors of p?
2, 3, 5
Let q(j) = -5*j + 3 + 7*j - j + 2. Let s be q(-2). Suppose s*w = 2*w + 61. What are the prime factors of w?
61
Let j(b) = b**2 + 7*b - 11. Let d = -19 + 6. Let t be j(d). Suppose -3*g - k + t = 0, -2*g + 4*k + 26 = -0*k. What are the prime factors of g?
3, 7
Let z be -1 - -1 - (-22 + -1). Suppose -p + 8 - z = -q, p = -q - 21. List the prime factors of (40/(-6))/(6/p).
2, 5
Let p = -10 + 13. Suppose -84 = -p*b + 4*b - 2*c, 3*c = 12. Let u = 113 + b. What are the prime factors of u?
37
What are the prime factors of (-1572)/(-6 - -14 - 10)?
2, 3, 131
What are the prime factors of 20*(-5 - (-6)/((-6)/(-203)))?
2, 3, 5, 11
Suppose 0*x + 2*x = 252. Suppose 0 = -3*s - 15 + x. What are the prime factors of s?
37
Let y = 344 - 313. List the prime factors of y.
31
Suppose 4*y = 23 + 257. Suppose -82 = -4*t + n + y, -2*n - 82 = -2*t. What are the prime factors of t?
37
Let h(x) = x**3 - 8*x**2 - 12*x + 4. Let s be h(9). Let q = -27 + s. What are the prime factors of (84/(-10))/(15/q)?
2, 7
Suppose 9*f - 1992 = 3*f. Suppose -4*t + 6*c + 638 = c, 2*t = -4*c + f. What are th